 are the prime factors of 6811?
7, 139
What are the prime factors of 4729?
4729
List the prime factors of 7432.
2, 929
What are the prime factors of 63522?
2, 3, 3529
List the prime factors of 6407.
43, 149
List the prime factors of 2793.
3, 7, 19
What are the prime factors of 54434?
2, 17, 1601
List the prime factors of 2680.
2, 5, 67
List the prime factors of 368.
2, 23
List the prime factors of 16963.
16963
What are the prime factors of 18688?
2, 73
List the prime factors of 14620.
2, 5, 17, 43
What are the prime factors of 757?
757
What are the prime factors of 8161?
8161
What are the prime factors of 6593?
19, 347
What are the prime factors of 24980?
2, 5, 1249
List the prime factors of 1638.
2, 3, 7, 13
List the prime factors of 117917.
117917
What are the prime factors of 282?
2, 3, 47
What are the prime factors of 47021?
13, 3617
List the prime factors of 1380.
2, 3, 5, 23
List the prime factors of 11925.
3, 5, 53
What are the prime factors of 36468?
2, 3, 1013
What are the prime factors of 50406?
2, 3, 31, 271
What are the prime factors of 2273?
2273
What are the prime factors of 536?
2, 67
List the prime factors of 4862.
2, 11, 13, 17
What are the prime factors of 691?
691
What are the prime factors of 9029?
9029
What are the prime factors of 107852?
2, 59, 457
What are the prime factors of 21306?
2, 3, 53, 67
What are the prime factors of 2742?
2, 3, 457
What are the prime factors of 6234?
2, 3, 1039
What are the prime factors of 2812?
2, 19, 37
List the prime factors of 3381.
3, 7, 23
List the prime factors of 1937.
13, 149
List the prime factors of 299.
13, 23
What are the prime factors of 77255?
5, 15451
What are the prime factors of 10768?
2, 673
What are the prime factors of 44999?
17, 2647
What are the prime factors of 65777?
65777
List the prime factors of 1677.
3, 13, 43
List the prime factors of 367.
367
What are the prime factors of 61984?
2, 13, 149
List the prime factors of 444.
2, 3, 37
List the prime factors of 71775.
3, 5, 11, 29
What are the prime factors of 1153?
1153
List the prime factors of 7056.
2, 3, 7
List the prime factors of 4945.
5, 23, 43
What are the prime factors of 3476?
2, 11, 79
What are the prime factors of 16951?
11, 23, 67
List the prime factors of 6220.
2, 5, 311
List the prime factors of 3176.
2, 397
What are the prime factors of 7553?
7, 13, 83
List the prime factors of 22.
2, 11
What are the prime factors of 12543?
3, 37, 113
List the prime factors of 580.
2, 5, 29
List the prime factors of 1792.
2, 7
List the prime factors of 7639.
7639
List the prime factors of 3273.
3, 1091
List the prime factors of 900.
2, 3, 5
What are the prime factors of 17828?
2, 4457
What are the prime factors of 1332?
2, 3, 37
What are the prime factors of 1953?
3, 7, 31
What are the prime factors of 2117?
29, 73
List the prime factors of 3458.
2, 7, 13, 19
List the prime factors of 20012.
2, 5003
List the prime factors of 705.
3, 5, 47
List the prime factors of 7298.
2, 41, 89
What are the prime factors of 5460?
2, 3, 5, 7, 13
List the prime factors of 9628.
2, 29, 83
What are the prime factors of 149339?
23, 43, 151
What are the prime factors of 2553?
3, 23, 37
What are the prime factors of 8606?
2, 13, 331
List the prime factors of 71155.
5, 7, 19, 107
List the prime factors of 6160.
2, 5, 7, 11
What are the prime factors of 4395?
3, 5, 293
List the prime factors of 2654.
2, 1327
List the prime factors of 33324.
2, 3, 2777
What are the prime factors of 16615?
5, 3323
List the prime factors of 21539.
7, 17, 181
List the prime factors of 2178.
2, 3, 11
List the prime factors of 40917.
3, 23, 593
What are the prime factors of 541?
541
What are the prime factors of 35634?
2, 3, 5939
What are the prime factors of 3892?
2, 7, 139
List the prime factors of 6588.
2, 3, 61
What are the prime factors of 16263?
3, 13, 139
What are the prime factors of 927?
3, 103
What are the prime factors of 18082?
2, 9041
List the prime factors of 116441.
13, 53
What are the prime factors of 186?
2, 3, 31
What are the prime factors of 17230?
2, 5, 1723
List the prime factors of 12.
2, 3
List the prime factors of 87310.
2, 5, 8731
What are the prime factors of 1541?
23, 67
List the prime factors of 5735.
5, 31, 37
What are the prime factors of 1234?
2, 617
List the prime factors of 6765.
3, 5, 11, 41
List the prime factors of 67953.
3, 22651
List the prime factors of 6881.
7, 983
List the prime factors of 2117.
29, 73
What are the prime factors of 164353?
7, 53, 443
What are the prime factors of 21504?
2, 3, 7
List the prime factors of 13670.
2, 5, 1367
What are the prime factors of 35120?
2, 5, 439
What are the prime factors of 702?
2, 3, 13
What are the prime factors of 14550?
2, 3, 5, 97
What are the prime factors of 12065?
5, 19, 127
List the prime factors of 11291.
7, 1613
What are the prime factors of 127427?
79, 1613
List the prime factors of 43588.
2, 17, 641
What are the prime factors of 2190?
2, 3, 5, 73
What are the prime factors of 13556?
2, 3389
List the prime factors of 3148.
2, 787
List the prime factors of 8757.
3, 7, 139
List the prime factors of 2619.
3, 97
What are the prime factors of 19023?
3, 17, 373
What are the prime factors of 3461?
3461
What are the prime factors of 415?
5, 83
What are the prime factors of 388?
2, 97
What are the prime factors of 8748?
2, 3
What are the prime factors of 37052?
2, 59, 157
List the prime factors of 8315.
5, 1663
List the prime factors of 202469.
23, 8803
List the prime factors of 1011.
3, 337
List the prime factors of 15235.
5, 11, 277
What are the prime factors of 28191?
3, 9397
List the prime factors of 1488.
2, 3, 31
List the prime factors of 4360.
2, 5, 109
What are the prime factors of 29452?
2, 37, 199
What are the prime factors of 4117?
23, 179
List the prime factors of 50692.
2, 19, 23, 29
List the prime factors of 86571.
3, 9619
What are the prime factors of 1880?
2, 5, 47
What are the prime factors of 1177?
11, 107
What are the prime factors of 2204?
2, 19, 29
What are the prime factors of 53027?
13, 4079
What are the prime factors of 281?
281
What are the prime factors of 571?
571
List the prime factors of 853.
853
What are the prime factors of 7884?
2, 3, 73
List the prime factors of 29524.
2, 11, 61
What are the prime factors of 39212?
2, 9803
List the prime factors of 1940.
2, 5, 97
What are the prime factors of 2838?
2, 3, 11, 43
List the prime factors of 22652.
2, 7, 809
List the prime factors of 43239.
3, 7, 29, 71
List the prime factors of 785.
5, 157
What are the prime factors of 8337?
3, 7, 397
What are the prime factors of 30917?
43, 719
What are the prime factors of 77540?
2, 5, 3877
List the prime factors of 96358.
2, 48179
What are the prime factors of 72644?
2, 11, 13, 127
List the prime factors of 2449.
31, 79
What are the prime factors of 443?
443
List the prime factors of 55705.
5, 13, 857
What are the prime factors of 19895?
5, 23, 173
List the prime factors of 997.
997
List the prime factors of 267.
3, 89
List the prime factors of 2558.
2, 1279
What are the prime factors of 9482?
2, 11, 431
What are the prime factors of 26142?
2, 3, 4357
What are the prime factors of 1261?
13, 97
What are the prime factors of 2640?
2, 3, 5, 11
What are the prime factors of 6282?
2, 3, 349
List the prime factors of 459.
3, 17
What are the prime factors of 12972?
2, 3, 23, 47
What are the prime factors of 836?
2, 11, 19
List the prime factors of 6419.
7, 131
List the prime factors of 2560.
2, 5
List the prime factors of 5234.
2, 2617
What are the prime factors of 4571?
7, 653
List the prime factors of 784.
2, 7
List the prime factors of 12593.
7, 257
What are the prime factors of 7594?
2, 3797
List the prime factors of 8479.
61, 139
What are the prime factors of 4907?
7, 701
What are the prime factors of 10451?
7, 1493
List the prime factors of 1754.
2, 877
What are the prime factors of 2858?
2, 1429
What are the prime factors of 2565?
3, 5, 19
List the prime factors of 19857.
3, 6619
List the prime factors of 1128.
2, 3, 47
List the prime factors of 6328.
2, 7, 113
List the prime factors of 317.
317
What are the prime factors of 1739?
37, 47
List the prime factors of 1303.
1303
What are the prime factors of 46092?
2, 3, 23, 167
What are the prime factors of 14691?
3, 